s the thousands digit of 1343590?
3
What is the hundred thousands digit of 1168527?
1
What is the units digit of 1590058?
8
What is the tens digit of 1751022?
2
What is the tens digit of 4129231?
3
What is the ten thousands digit of 9129926?
2
What is the hundred thousands digit of 360097?
3
What is the thousands digit of 49203?
9
What is the units digit of 674084?
4
What is the ten thousands digit of 618290?
1
What is the tens digit of 14049740?
4
What is the ten thousands digit of 22764900?
6
What is the millions digit of 5448248?
5
What is the ten thousands digit of 182166?
8
What is the tens digit of 523104?
0
What is the thousands digit of 3266406?
6
What is the hundreds digit of 1950090?
0
What is the hundred thousands digit of 451803?
4
What is the thousands digit of 263777?
3
What is the hundred thousands digit of 474646?
4
What is the tens digit of 3927438?
3
What is the thousands digit of 1991?
1
What is the tens digit of 2370209?
0
What is the ten thousands digit of 1408652?
0
What is the tens digit of 62436?
3
What is the tens digit of 8628127?
2
What is the ten thousands digit of 106198?
0
What is the tens digit of 825682?
8
What is the hundred thousands digit of 7221796?
2
What is the thousands digit of 7802503?
2
What is the hundreds digit of 89094?
0
What is the thousands digit of 187852?
7
What is the millions digit of 1061584?
1
What is the ten millions digit of 22907721?
2
What is the tens digit of 1555708?
0
What is the hundreds digit of 281157?
1
What is the tens digit of 2209744?
4
What is the tens digit of 43176?
7
What is the ten thousands digit of 326228?
2
What is the thousands digit of 11977720?
7
What is the ten thousands digit of 268916?
6
What is the thousands digit of 985898?
5
What is the tens digit of 1525677?
7
What is the units digit of 112117?
7
What is the ten thousands digit of 2073423?
7
What is the ten thousands digit of 10924542?
2
What is the millions digit of 3756547?
3
What is the units digit of 7704544?
4
What is the units digit of 1477964?
4
What is the thousands digit of 18644639?
4
What is the ten thousands digit of 1818531?
1
What is the units digit of 441321?
1
What is the millions digit of 1903318?
1
What is the tens digit of 9893043?
4
What is the units digit of 24321?
1
What is the units digit of 3509981?
1
What is the ten thousands digit of 1369455?
6
What is the hundred thousands digit of 772747?
7
What is the thousands digit of 232943?
2
What is the hundred thousands digit of 11874101?
8
What is the ten thousands digit of 2848677?
4
What is the hundreds digit of 875148?
1
What is the ten thousands digit of 17528571?
2
What is the hundreds digit of 22510?
5
What is the units digit of 2629019?
9
What is the tens digit of 2398509?
0
What is the units digit of 8712849?
9
What is the ten thousands digit of 362860?
6
What is the thousands digit of 1460276?
0
What is the units digit of 8565035?
5
What is the hundred thousands digit of 657867?
6
What is the hundreds digit of 1427804?
8
What is the tens digit of 360306?
0
What is the thousands digit of 9311731?
1
What is the hundreds digit of 18916?
9
What is the hundred thousands digit of 6276559?
2
What is the ten millions digit of 14945117?
1
What is the millions digit of 5361131?
5
What is the hundred thousands digit of 25950884?
9
What is the hundred thousands digit of 2190562?
1
What is the units digit of 108128?
8
What is the thousands digit of 52364?
2
What is the hundred thousands digit of 1256975?
2
What is the hundred thousands digit of 445150?
4
What is the units digit of 9837852?
2
What is the ten thousands digit of 8470307?
7
What is the ten thousands digit of 85301?
8
What is the tens digit of 1660048?
4
What is the thousands digit of 4331781?
1
What is the hundred thousands digit of 7674064?
6
What is the ten thousands digit of 249262?
4
What is the hundred thousands digit of 3126926?
1
What is the ten thousands digit of 918477?
1
What is the units digit of 5754251?
1
What is the ten millions digit of 19855434?
1
What is the hundreds digit of 9112528?
5
What is the thousands digit of 617945?
7
What is the hundred thousands digit of 325286?
3
What is the hundred thousands digit of 6633964?
6
What is the thousands digit of 5255454?
5
What is the thousands digit of 2261120?
1
What is the tens digit of 312268?
6
What is the hundred thousands digit of 362579?
3
What is the hundred thousands digit of 16822114?
8
What is the units digit of 120060?
0
What is the thousands digit of 889365?
9
What is the hundred thousands digit of 5295369?
2
What is the units digit of 4314226?
6
What is the ten thousands digit of 5407431?
0
What is the thousands digit of 1098089?
8
What is the ten thousands digit of 1170175?
7
What is the millions digit of 2891943?
2
What is the hundreds digit of 176031?
0
What is the hundred thousands digit of 4396397?
3
What is the ten thousands digit of 132424?
3
What is the ten thousands digit of 448896?
4
What is the units digit of 413939?
9
What is the thousands digit of 964305?
4
What is the units digit of 10127281?
1
What is the units digit of 824809?
9
What is the hundred thousands digit of 727102?
7
What is the ten thousands digit of 108573?
0
What is the hundred thousands digit of 320925?
3
What is the units digit of 1562749?
9
What is the hundreds digit of 137231?
2
What is the hundred thousands digit of 4146819?
1
What is the hundred thousands digit of 1596507?
5
What is the hundred thousands digit of 293955?
2
What is the thousands digit of 317158?
7
What is the tens digit of 1511834?
3
What is the units digit of 2134079?
9
What is the thousands digit of 4377891?
7
What is the hundred thousands digit of 6151134?
1
What is the hundred thousands digit of 206578?
2
What is the hundreds digit of 231433?
4
What is the hundred thousands digit of 16927679?
9
What is the hundreds digit of 159263?
2
What is the thousands digit of 7596911?
6
What is the millions digit of 3457429?
3
What is the units digit of 240610?
0
What is the tens digit of 974193?
9
What is the ten thousands digit of 267577?
6
What is the hundred thousands digit of 923974?
9
What is the units digit of 1061703?
3
What is the ten thousands digit of 1076907?
7
What is the thousands digit of 38219498?
9
What is the thousands digit of 281214?
1
What is the hundreds digit of 3245646?
6
What is the ten thousands digit of 53808?
5
What is the tens digit of 13895028?
2
What is the tens digit of 966383?
8
What is the millions digit of 1680753?
1
What is the ten thousands digit of 11780757?
8
What is the ten thousands digit of 367872?
6
What is the tens digit of 284176?
7
What is the millions digit of 4259377?
4
What is the hundred thousands digit of 2318746?
3
What is the hundred thousands digit of 156740?
1
What is the hundreds digit of 2285628?
6
What is the units digit of 17112394?
4
What is the hundred thousands digit of 759654?
7
What is the hundred thousands digit of 7562136?
5
What is the hundreds digit of 581124?
1
What is the millions digit of 9570617?
9
What is the hundreds digit of 406530?
5
What is the hundreds digit of 435131?
1
What is the hundred thousands digit of 3891395?
8
What is the ten millions digit of 32359796?
3
What is the hundred thousands digit of 1062087?
0
What is the units digit of 4977747?
7
What is the tens digit of 563877?
7
What is the ten thousands digit of 203959?
0
What is the hundreds digit of 621085?
0
What is the units digit of 281966?
6
What is the units digit of 667454?
4
What is the ten thousands digit of 133698?
3
What is the units digit of 15796989?
9
What is the tens digit of 7874813?
1
What is the ten thousands digit of 1364029?
6
What is the hundred thousands digit of 551714?
5
What is the hundred thousands digit of 26093622?
0
What is the hundreds digit of 3067?
0
What is the ten thousands digit of 8610955?
1
What is the hundred thousands digit of 3768756?
7
What is the millions digit of 1186006?
1
What is the tens digit of 775476?
7
What is the millions digit of 8450557?
8
What is the thousands digit of 3536496?
6
What is the thousands digit of 18436067?
6
What is the ten thousands digit of 409234?
0
What is the ten thousands digit of 203987?
0
What is the units digit of 717459?
9
What is the tens digit of